?
2
Let h(l) be the third derivative of 4*l**5/15 + l**4/24 + l**3/6 - 5*l**2. Let q be (-84)/60 - (-1)/5*2. What is the units digit of h(q)?
6
Let p be -15 + (-3)/((-21)/28). What is the tens digit of 2/p + 35265/55 + -7?
3
Let i(c) = -c**2 + 6*c - 3. Let z be 6/4*(1 - -5). Let s be (-3 + z)/((8/(-2))/(-2)). What is the units digit of i(s)?
6
Let w = -626 + 1017. Let s(n) = n**3 - 5*n**2 + 4*n + 3. Let g be s(4). Suppose -3*x = g*b - 309 + 66, 5*x = 2*b + w. What is the tens digit of x?
7
Suppose -333 = -9*d + 6*d. Suppose 2*j = -4*n + 278, 40 = j - n - d. Suppose -105 = -7*m + j. What is the tens digit of m?
3
Let z(t) = 2*t - 12. Let o be z(6). Suppose 0 = -5*u - 5*i + 85, o*i = -4*u - i + 71. Suppose w = 2*w - u. What is the tens digit of w?
1
Let k(n) = -n**3 + 10*n**2 - 9*n + 9. Let d be k(9). Let m(f) be the second derivative of 5*f**3/6 - 32*f. What is the tens digit of m(d)?
4
Suppose 5*g = 2*b + 2*b + 29640, 0 = 2*g + 5*b - 11823. What is the tens digit of g?
2
What is the tens digit of (-339712)/(-24) + 1 + (24/18 - 2)?
5
Let h = -237 + 262. Suppose 5003 = h*q - 1847. What is the hundreds digit of q?
2
Let r = -10802 - -33044. What is the ten thousands digit of r?
2
Let z(f) = -10*f - 31. Let b(u) = u - 1. Let p(x) = 6*b(x) + z(x). Let s be p(-22). Let r = s - -61. What is the hundreds digit of r?
1
Let q = 102 - 419. Let v = q + 712. What is the tens digit of v?
9
Let a(v) = -3*v - 63. Let k(j) = 2*j + 1. Let n(y) = -3*a(y) - 6*k(y). What is the hundreds digit of n(-9)?
2
Suppose -47*g - 30 = -57*g. Suppose 2*s + 5*d = 10*d + 528, 792 = g*s + 4*d. What is the tens digit of s?
6
Suppose 14375 = -2*d + 25*d. What is the hundreds digit of d?
6
Suppose 11*c - 29293 = 25553. What is the units digit of c?
6
Suppose -l + 0*l - 4*r = 25, -5*l + 2*r = 15. Let d be ((-75)/(-5))/l + -1. What is the units digit of (1/(d/58))/(4/(-48))?
4
Suppose -613 = -3*s - 3*p - 130, -p = -s + 169. Suppose 13*y - 8277 = -s. What is the hundreds digit of y?
6
Let w(i) be the second derivative of -5*i**3/3 + 40*i**2 - 48*i. What is the hundreds digit of w(-13)?
2
Suppose 5*w = -0*t + 4*t - 509, 20 = -4*w. Let x = t + -119. Suppose 18 = -x*z + 88. What is the units digit of z?
5
Suppose 22*y - 731 = 2217. Suppose 0 = -5*s - 5, 2*v - y = 4*s + 126. What is the hundreds digit of v?
1
Let s = -364 - -739. What is the hundreds digit of s?
3
Let u(r) be the first derivative of 18*r**2 + 44*r + 99. What is the units digit of u(17)?
6
Let l(y) be the second derivative of -13*y**6/360 - 19*y**5/120 + 17*y**4/12 + 11*y. Let r(q) be the third derivative of l(q). What is the units digit of r(-5)?
1
Let x be ((3 - 2)*-8)/((-2)/11). Let y = x + -8. Suppose 3*c = -2*j + 36, -j - j - 2*c = -y. What is the tens digit of j?
1
Let l(z) be the third derivative of 3*z**4 - 5*z**3 - 11*z**2. What is the tens digit of l(5)?
3
Let g be 46*-668*36/(-24). What is the tens digit of g/60 + (-33)/15 + 2?
6
Let t = 9258 + 909. What is the units digit of t?
7
Let u = 339 - -177. Let m = u + -336. Let y = m - -10. What is the tens digit of y?
9
Suppose -2*o - 10 = -26. What is the tens digit of o/10 - 15672/(-60)?
6
Suppose 28*c + 24*c - 11*c = 644684. What is the units digit of c?
4
Let k = 739 - 16. Let a = k - 527. What is the tens digit of a?
9
Let z = -187 + 467. Let m = 367 - z. What is the tens digit of m?
8
Suppose -1403 = -2*m - 533. Suppose -i = -2*w + 3*w - 87, 0 = 5*w + i - m. Suppose -4*r + w = -93. What is the units digit of r?
5
Let n = 9014 - 290. What is the hundreds digit of n?
7
Suppose -225*g + 222*g = -4*m + 11573, -m = 3*g - 2912. What is the hundreds digit of m?
8
Let r = -173 - -181. Let w(f) = 5*f**2 - 18*f - 8. What is the units digit of w(r)?
8
Let l(a) = -a**3 + 13*a**2 + a - 29. Let v be l(13). Let r = -14 - v. Suppose -3*p = -4*h + 308, 3*p + 208 = r*h + 54. What is the tens digit of h?
7
Let t(y) = -y**2 + 2*y + 158. Let l(z) = z - 1. Let m(f) = -4*l(f) + 2*t(f). What is the units digit of m(0)?
0
Let s be -9*(0 - (-3 - -2)). Let j(i) = -i**2 - 7*i + 9. Let m be j(s). What is the units digit of 4744/28 + m/21?
9
Let j(y) = -y**3 - 17*y**2 - 124*y - 1837. What is the units digit of j(-39)?
1
Let u be 5 - (3 - (6 + 1)). Let k(c) = -c**2 + 10*c - 6. Let d be k(u). What is the units digit of d/(2/(-1 - -3))*15?
5
Suppose 5*d + 3*c = 72, 5*d - 64 = -0*d - c. Suppose -w = -2*x - 4, 2*w + 8 = -d*x + 8*x. Suppose 8*q - 1977 + 609 = w. What is the tens digit of q?
7
Let c = 18972 - 7857. What is the hundreds digit of c?
1
Let i(g) = -23*g - 12 - 29 - 2. What is the units digit of i(-10)?
7
Suppose v + 108 = 3*c + c, 4*c - 124 = 5*v. Let y = c + -23. Suppose -163 - 140 = -y*i. What is the tens digit of i?
0
Let t(s) = 23 + 151*s - 29 - 11. What is the tens digit of t(2)?
8
Let y be -5*2/((-8)/876). Let f = y - 736. What is the tens digit of f?
5
Let a(c) = -2*c**3 - 2*c**2 + 2*c + 2. Let v = 2 - 17. Let w = v - -11. What is the tens digit of a(w)?
9
Suppose -f = 4*y - 2*f - 43, -f - 23 = -2*y. Let t be (-254)/y - 2/(-5). What is the tens digit of 180/t*(-5)/1?
3
Let n = 116 + -487. Let v = n - -582. What is the hundreds digit of v?
2
Let o(n) = -3*n - n + n + 0*n + n**2 - 10. Let a be o(9). Suppose 3*t = b + 256 - a, 153 = 2*t - 3*b. What is the tens digit of t?
6
Let q = -56 - -37. Let s = q - -26. Suppose -2*p - 195 = -s*p. What is the units digit of p?
9
Let j(b) = -b**3 - 6*b**2 - b + 3. Suppose 2*a - 6 = 2*r, 0*r = -4*a + 2*r + 14. Suppose -19 = a*h - 3*l, 2*l - 3*l = 3. What is the tens digit of j(h)?
5
Let z(t) be the first derivative of 46*t**3/3 - 2*t**2 + 14. Let i(l) = l**2 + l. Let y(s) = 2*i(s) + z(s). What is the units digit of y(1)?
6
Suppose 5*i - 109833 = -4*o + 1078, 0 = -o + 4. What is the thousands digit of i?
2
What is the tens digit of (-959 - (-3 + (7 - -1)))/(2/(-59))?
3
Suppose 0 = 137*h + 149*h - 12*h - 1092986. What is the thousands digit of h?
3
Let j(u) = -177*u - 1368. What is the thousands digit of j(-58)?
8
What is the thousands digit of (6/(-216)*-18)/(1/10138)?
5
What is the hundreds digit of (-13)/(-78)*3324 - (0 - 7)?
5
Suppose 0 = -4*k - k - 30. Let p be ((-15)/k)/((-2)/4). What is the units digit of ((-124)/p)/((-6)/(-15))?
2
Let c = -353 + 351. What is the hundreds digit of c/1 + 731 + (-3 - 2)?
7
Let l = -50969 - -82953. What is the ten thousands digit of l?
3
Let h(v) = -19*v - 17. Let q be h(-14). Let l = q - 135. Suppose -30 = 2*t - l. What is the tens digit of t?
4
Suppose -w + 8 = 5*z, 2*z = 5*w + 3 + 11. Suppose -6*m = 3*m - z*m. Suppose m*r + 1116 = 6*r. What is the tens digit of r?
8
Suppose 754 = 3*d + i, -7*i + 5*i = 4*d - 1006. Suppose -r = p - 6*r - d, 1004 = 4*p + 4*r. What is the tens digit of p?
5
What is the units digit of 206716/14 - 501/1169?
5
Suppose -5*y = -4*n - 1395, -2*y + 581 = 3*n - 0*n. Let c = y - 237. What is the units digit of c?
6
Let y(p) = -716*p + 68. Let w be y(-5). Suppose -10*k + 14*k - w = 0. What is the tens digit of k?
1
Let i(o) = -o**2 + 13*o + 7. Let b be 0 + 2 + (-6)/(-1). Let n be i(b). Suppose 10 = m - 3*g, 5*m - 5*g - n = m. What is the units digit of m?
3
Suppose 99*a + 13164 = 102*a. What is the tens digit of a?
8
Let s be (-2)/13 - 41904/(-117). Suppose 0 = -2*w + v + 354, 2*w - 4*w + 2*v = -s. Let i = -23 + w. What is the hundreds digit of i?
1
Let w(j) = 28*j - 3. Let v be w(6). Suppose 5 = y - 1. Suppose y*m = m + v. What is the tens digit of m?
3
Let a = 22862 - -19347. What is the hundreds digit of a?
2
Suppose -5*m + 9 = -m + 3*u, 0 = -3*m + 3*u + 12. Suppose m*f - 4*f - 4*r + 279 = 0, 3*f - 917 = 4*r. What is the units digit of f?
9
Let q = 58 - 56. Let v be (-5)/((-125)/(-410)) - q/(-5). What is the hundreds digit of (-24)/v*460/6?
1
Let s(b) = -b**3 + 4*b - 60. Let p be s(0). Let l = p + 85. What is the units digit of l?
5
Suppose 80392 = -13*p - 13*p. Let s = -1327 - p. What is the thousands digit of s?
1
Suppose 19 + 5 = 6*q. Suppose -908 = -q*x + 664. What is the tens digit of x?
9
What is the hundreds digit of (1363/(62 - 15))/(3374/3372 - 1)?
8
Let m(u) = u**3 - 9*u**2 + 13*u + 9. Let q be m(7). Suppose -r - 933 = -q*t, -2 = -r + 1. What is the tens digit of t?
6
Let x = 363 + 206. Let o = x - -29. What is the units digit of o?
8
Let k(h) = 740*h + 721. What is t